alculate the remainder when k is divided by 8.
7
Let z(c) = 1. Let g(u) = -4*u. Let x(a) = g(a) - 3*z(a). Let m(w) = 5*w + 2. Let h(p) = 3*m(p) + 4*x(p). What is the remainder when 7 is divided by h(-9)?
1
Let k = -6 + 10. Suppose 0 = -0*n - 2*n - k. Calculate the remainder when 58 is divided by ((-4)/(-3))/(n/(-30)).
18
Suppose -2*b = 5*j - 27, -j + 5*b - 25 = -5*j. Suppose 230 = j*a - 2*s, -a + 4*s = 4*a - 220. What is the remainder when a is divided by 17?
14
Let q = 40 + -29. Let t be (-1 - 4)/(-1 - 0). Suppose -q - 64 = -t*y. What is the remainder when 43 is divided by y?
13
Let f(w) = w**3 + 7*w**2 + 7*w + 14. Calculate the remainder when f(-6) is divided by 4.
0
Let w(l) = -23*l + 3. Calculate the remainder when w(-1) is divided by 9.
8
Let b = -4 - -1. What is the remainder when (-186)/(-9) - (-2)/b is divided by 7?
6
Suppose -39 + 4 = -5*j. Suppose 6*b - 8 = 2*b. Suppose b*y - 2*i - 28 - 18 = 0, 3*i + 17 = y. Calculate the remainder when y is divided by j.
5
Let j(m) = m + 19. Suppose -25 = 2*n - 5. What is the remainder when 17 is divided by j(n)?
8
Let m = 36 + -18. Let y(g) = g**3 - 4*g**2 - 5*g - 2. Let d be y(6). Suppose -4*n + 0*n + d = 0. Calculate the remainder when m is divided by n.
8
Suppose -f - 21 = -4*u + 3, -u = 3*f - 6. Let r = 9 - u. Calculate the remainder when 10 is divided by r.
1
Suppose y = -3*p + 46, 0 = -2*p + 5*y + 21 + 4. Let q be (0*(-1)/2)/2. Suppose -16 = -2*z - 0*z - 5*u, 3*u = q. What is the remainder when p is divided by z?
7
Let x = -13 - -24. What is the remainder when 31 is divided by x?
9
Let c be ((-4)/6)/(2/(-36)). Let h = -4 + 7. Let r = h + c. What is the remainder when 29 is divided by r?
14
Let b = -147 - -149. Suppose -3*h - 7 = 4*y - 33, 4 = -4*y. What is the remainder when h is divided by b?
0
Let o = 278 - 191. Calculate the remainder when o is divided by 18.
15
Suppose 0 = -7*j + 3*j + 56. Suppose -d + 0*d + 5 = 0. Calculate the remainder when j is divided by d.
4
Let k(h) = -11 - 3*h + 9*h + 2*h. Calculate the remainder when k(5) is divided by 15.
14
What is the remainder when 86 is divided by (-17 - -37) + 2 + 0?
20
Suppose 45 - 1 = 2*l. What is the remainder when l is divided by 5?
2
Let v(l) = -4*l - 3. Calculate the remainder when (-4)/(8/6) - -16 is divided by v(-2).
3
Let p be (10 - 6)*3/4. Suppose p*l - 14 = 1. What is the remainder when 8 is divided by l?
3
Suppose 0 = 2*f + 2 + 8. Calculate the remainder when (-5)/f*(-1 + 13) is divided by 5.
2
Suppose 18 + 3 = 3*w. Let m(u) = -w - 7*u + 3 - u. Calculate the remainder when m(-3) is divided by 7.
6
Let t be 37/7 + (-6)/21. Suppose -3*n - 2 = -t. What is the remainder when n is divided by 1?
0
Let r = -7 - -12. Let z(p) = p - 2. Let k be z(4). Let s = k + r. Calculate the remainder when 12 is divided by s.
5
Let j be (6/(-3))/((-2)/4). Suppose 7*l - 4*l - 5*f - 31 = 0, 2*l - j*f - 20 = 0. Suppose -3*x - l = -7*x. What is the remainder when 7 is divided by x?
1
Suppose 0 = -5*v + 5. Let c(x) = -80*x**3. Let r be c(v). Calculate the remainder when 23 is divided by ((-12)/10)/(12/r).
7
Suppose -2*b + 3*d = -45, -b = -4*b + 2*d + 75. Suppose -5*t = -2*t - 15. What is the remainder when b is divided by t?
2
Let r = 25 - 18. Suppose -4*v - 60 = -3*c, -3*v = c - 3*c + 40. Let a = c + -8. Calculate the remainder when a is divided by r.
5
Suppose 4*r - 46 = 4*t - 3*t, 5*t + 32 = 2*r. Let s = 5 - 1. Calculate the remainder when r is divided by s.
3
Suppose -51 = 6*y + 21. Let x = 17 + y. Calculate the remainder when (-4)/((2/9)/(-1)) is divided by x.
3
Let q(k) = 36*k. Let x be q(1). Let i = x - 25. Calculate the remainder when 21 is divided by i.
10
Suppose 2*m = v + 8 - 6, 0 = -5*v + 3*m + 11. Calculate the remainder when 31 is divided by v.
3
Let n = 9 + 74. Suppose n = 3*f + 20. Calculate the remainder when f is divided by 12.
9
Calculate the remainder when 39 is divided by (-30)/105 - 298/(-14).
18
Suppose -3*t + 3*w + 60 = 0, -5*w + 28 = -3*t + 6*t. What is the remainder when 45 is divided by t?
13
Let o(j) = -2*j - 1. Calculate the remainder when o(-3) is divided by (-4)/((-2)/1) - 34/(-34).
2
Suppose -3*d = -4*m + 12, d - 2*d - m + 3 = 0. Let n = 10 - d. What is the remainder when 28 is divided by n?
8
Suppose -4*t - 57 = -5*q - 0*t, -4*q - 2*t + 30 = 0. Calculate the remainder when 44 is divided by q.
8
Suppose 40 = 3*l - l. Let f = 41 - 3. Calculate the remainder when f is divided by l.
18
Let v(h) = 6*h**2 + 3*h. Let r be v(-2). Suppose -r = -4*o + 74. Suppose o = l - 0*l. Calculate the remainder when l is divided by 8.
7
Suppose 13*k + 43 = 14*k. What is the remainder when k is divided by 23?
20
Suppose 6*j - 4 = 10*j, -390 = -5*r - 5*j. Calculate the remainder when r is divided by 50*1*4/10.
19
Suppose x = -4*h + 18, -4*h - 4*x - 10 = -34. Suppose -24 = -z + s, -3*z + h*s + 27 = -44. Calculate the remainder when z is divided by 14 + 3/12*0.
11
Suppose 1 + 4 = 5*z. Calculate the remainder when 28 is divided by 12 + (-3)/(z - 2).
13
Let h(a) = -a**3 - 5*a**2 + 4*a - 7. Let f be h(-6). Suppose -8 - 82 = -f*p. Calculate the remainder when 52 is divided by p.
16
Suppose 5 = 3*t + 2*s, -t + 1 = -5*s + 5. Let a = 2 - t. What is the remainder when -14*(-4)/40 - (-2)/(-5) is divided by a?
0
Suppose 0 = -u - 5*g + 38, -2*g = -0*u - 5*u + 136. What is the remainder when 107 is divided by u?
23
Suppose -k = -94 + 10. What is the remainder when k is divided by 43?
41
Let q be (-1 - 1) + -1 - -6. Suppose 0 = q*j - 0*j - 144. Suppose 3*z - j = -0*z. Calculate the remainder when 62 is divided by z.
14
Let t = 2 - 4. Calculate the remainder when 2/4 + 13/2 is divided by (t - (-2 + 1)) + 4.
1
Let b(t) = -48*t**3 + t**2 + t - 2. Let f be b(1). Let s = f + 74. Let j = 9 + 0. Calculate the remainder when s is divided by j.
8
What is the remainder when 11 is divided by (-3)/6*((-1 - 0) + -13)?
4
Suppose -4*h = 17 - 65. What is the remainder when 59 is divided by h?
11
Let k be (-2)/8 + (-2175)/20. Let i be k/(-6) + 3/(-18). What is the remainder when (-4)/(-10) - i/(-5) is divided by 2?
0
Let u = -1 - -1. Let s = 6 - u. What is the remainder when 16 is divided by s?
4
Let u(m) = m. Let v(o) = 3*o + 10. Let p(z) = -4*u(z) + v(z). Let h be p(5). Suppose 17 + 13 = h*w. Calculate the remainder when 17 is divided by w.
5
Suppose 12*a - 350 = 7*a. Calculate the remainder when a is divided by 18.
16
Let m(o) = -o**3 + 4*o**2 + 7*o + 1. Let c be m(5). Suppose 2*n - 87 = b, 5*n = 5*b + c + 214. Calculate the remainder when n is divided by 22.
20
Let i be (-45)/(-25) + 2/10. Suppose -93 = x - 6*x + 4*h, 0 = i*x + 4*h - 54. Let k = x + -9. Calculate the remainder when 23 is divided by k.
11
Let b be ((-94)/3)/(14/(-63)). Suppose -4*z + b = 1. What is the remainder when z is divided by 12?
11
Calculate the remainder when (1/((-4)/(-268)))/1 is divided by 17.
16
Suppose -4*i + 20 = -5*k, 2*i - 5*k - 11 + 1 = 0. Suppose 3*u = 0, -165 = -i*y - 0*y - 2*u. Calculate the remainder when y is divided by 12.
9
Let m(x) = -x - 3. Let n be m(-8). Suppose 0 = -n*v + 5*g - 4*g + 21, 2*g = -5*v + 18. What is the remainder when 11 is divided by v?
3
Suppose 3*x - 96 = -18. Suppose -17 = -3*f - 5*k, 3*k + 8 - 2 = 0. Calculate the remainder when x is divided by f.
8
Suppose -2*y + 6 = 2. Suppose y*v - v = 0. Calculate the remainder when 9 is divided by (-1)/(v + 2/(-10)).
4
Let y(r) = -r**3 - 25*r**2 - 25*r - 8. Calculate the remainder when 94 is divided by y(-24).
14
Suppose 5*s - 54 = 26. Calculate the remainder when 55 is divided by s.
7
Calculate the remainder when 101/7 - (-12)/(-28) is divided by 8.
6
Let a(d) = d**3 + 5*d**2 + d - 3. What is the remainder when a(-3) is divided by 5?
2
Suppose -17 - 103 = -4*k. Let x = -21 + k. Suppose -2*p + 62 = 2*r + 3*r, p - r = 24. Calculate the remainder when p is divided by x.
8
Suppose 8*w - 86 = 6*w. What is the remainder when w is divided by 12?
7
Let o(p) = -p**2 + 5*p - 3. Let j be o(5). Let u = j - -9. Calculate the remainder when 35 is divided by u.
5
Let u(m) = m**3 - 11*m**2 + 16*m + 1. Calculate the remainder when u(10) is divided by 21.
19
Suppose 4*l = 4*r + 504, -3*r - 3*l + 2*l = 370. Let q = -73 - r. What is the remainder when q is divided by 18?
15
Suppose h + g = 28, 2*h + 0*h - 55 = -g. Calculate the remainde